5 is divided by 6001?
5997
What is the remainder when 28384 is divided by 28232?
152
What is the remainder when 82285 is divided by 4310?
395
What is the remainder when 127158 is divided by 165?
108
What is the remainder when 19885885 is divided by 509894?
19
Calculate the remainder when 152643 is divided by 1577.
1251
Calculate the remainder when 118077133 is divided by 298.
295
What is the remainder when 12397739 is divided by 427508?
7
Calculate the remainder when 5881260 is divided by 22.
0
What is the remainder when 82318 is divided by 3291?
43
Calculate the remainder when 30480 is divided by 2018.
210
Calculate the remainder when 7450496 is divided by 114623.
1
Calculate the remainder when 246072 is divided by 36.
12
What is the remainder when 407273 is divided by 81215?
1198
Calculate the remainder when 102907 is divided by 25725.
7
Calculate the remainder when 38081287 is divided by 202560.
7
Calculate the remainder when 16876 is divided by 4513.
3337
Calculate the remainder when 33953 is divided by 29.
23
Calculate the remainder when 45688564 is divided by 231.
229
Calculate the remainder when 86684982 is divided by 81.
78
Calculate the remainder when 4577802 is divided by 1525926.
24
Calculate the remainder when 7021532 is divided by 42.
14
What is the remainder when 46240 is divided by 9621?
7756
What is the remainder when 46830716 is divided by 767?
764
Calculate the remainder when 50048415 is divided by 44.
43
What is the remainder when 18472104 is divided by 4104?
0
What is the remainder when 133426 is divided by 44238?
712
What is the remainder when 162829 is divided by 157330?
5499
What is the remainder when 142711 is divided by 4602?
49
What is the remainder when 12607825 is divided by 13?
9
Calculate the remainder when 267730860 is divided by 26.
20
Calculate the remainder when 1367460 is divided by 1843.
1797
Calculate the remainder when 4756256 is divided by 761.
6
What is the remainder when 125926 is divided by 1774?
1746
What is the remainder when 12456612 is divided by 280?
252
Calculate the remainder when 137066 is divided by 68386.
294
What is the remainder when 3785337 is divided by 182?
101
Calculate the remainder when 285332465 is divided by 219.
212
What is the remainder when 499405 is divided by 1067?
49
What is the remainder when 343306 is divided by 81?
28
Calculate the remainder when 144975 is divided by 9447.
3270
What is the remainder when 757816 is divided by 43?
27
What is the remainder when 1016090 is divided by 201?
35
What is the remainder when 3008917 is divided by 40?
37
What is the remainder when 217454205 is divided by 16?
13
What is the remainder when 101923932 is divided by 18?
12
Calculate the remainder when 361542 is divided by 166.
160
Calculate the remainder when 10734913 is divided by 1100.
13
Calculate the remainder when 213043 is divided by 460.
63
What is the remainder when 314743 is divided by 28278?
3685
What is the remainder when 167282877 is divided by 15?
12
What is the remainder when 1152918 is divided by 11?
8
Calculate the remainder when 625968 is divided by 78245.
8
What is the remainder when 3946746 is divided by 782?
774
Calculate the remainder when 5859087 is divided by 22.
3
What is the remainder when 74999 is divided by 3068?
1367
Calculate the remainder when 192517 is divided by 1565.
22
What is the remainder when 21706738 is divided by 18?
16
What is the remainder when 7775215 is divided by 7775202?
13
Calculate the remainder when 55226807 is divided by 265.
12
Calculate the remainder when 6443717 is divided by 28.
21
What is the remainder when 76945312 is divided by 91?
80
What is the remainder when 150552698 is divided by 37?
31
What is the remainder when 4086043 is divided by 513?
511
What is the remainder when 1020562 is divided by 3448?
3402
Calculate the remainder when 70363 is divided by 1033.
119
Calculate the remainder when 938096 is divided by 72160.
16
Calculate the remainder when 1257660 is divided by 521.
487
Calculate the remainder when 676637 is divided by 157.
124
Calculate the remainder when 58244 is divided by 287.
270
Calculate the remainder when 1364734 is divided by 897.
397
Calculate the remainder when 796727 is divided by 796485.
242
Calculate the remainder when 40675433 is divided by 229.
224
Calculate the remainder when 10811 is divided by 2645.
231
Calculate the remainder when 210869 is divided by 4053.
113
What is the remainder when 13097 is divided by 6523?
51
Calculate the remainder when 77404 is divided by 19031.
1280
What is the remainder when 405475 is divided by 598?
31
Calculate the remainder when 14314 is divided by 1248.
586
What is the remainder when 182094448 is divided by 1081?
1079
Calculate the remainder when 2698906 is divided by 231.
133
What is the remainder when 823247 is divided by 102904?
15
Calculate the remainder when 1625655 is divided by 241.
110
Calculate the remainder when 252858 is divided by 5745.
78
What is the remainder when 176297 is divided by 38?
15
Calculate the remainder when 129328 is divided by 129198.
130
Calculate the remainder when 6536682 is divided by 476.
250
Calculate the remainder when 246066 is divided by 16.
2
Calculate the remainder when 130511932 is divided by 432.
412
Calculate the remainder when 232693 is divided by 164.
141
What is the remainder when 1608044 is divided by 69?
68
What is the remainder when 464342 is divided by 154669?
335
Calculate the remainder when 28225 is divided by 2121.
652
Calculate the remainder when 595053085 is divided by 2726.
2723
Calculate the remainder when 4263282 is divided by 43063.
45
Calculate the remainder when 44127688 is divided by 102.
40
Calculate the remainder when 625395 is divided by 896.
883
Calculate the remainder when 2246981 is divided by 1596.
1409
What is the remainder when 458419 is divided by 122?
65
What is the remainder when 622833 is divided by 1941?
1713
What is the remainder when 25403 is divided by 3043?
1059
What is the remainder when 30420992 is divided by 232?
224
What is the remainder when 550542601 is divided by 107?
102
Calculate the remainder when 6161871 is divided by 451.
309
What is the remainder when 973056 is divided by 52?
32
What is the remainder when 665002 is divided by 53?
11
Calculate the remainder when 20053 is divided by 8525.
3003
What is the remainder when 60928 is divided by 14?
0
Calculate the remainder when 556085 is divided by 139020.
5
What is the remainder when 22874692 is divided by 101?
10
Calculate the remainder when 6024465 is divided by 874.
857
What is the remainder when 31427 is divided by 946?
209
Calculate the remainder when 946337 is divided by 33.
29
What is the remainder when 141606 is divided by 19174?
7388
Calculate the remainder when 339670 is divided by 56585.
160
Calculate the remainder when 22712361 is divided by 12.
9
What is the remainder when 279640 is divided by 3?
1
What is the remainder when 18166871 is divided by 4541710?
31
Calculate the remainder when 17750029 is divided by 655.
184
Calculate the remainder when 106578017 is divided by 14.
7
What is the remainder when 1322497 is divided by 220415?
7
Calculate the remainder when 4352628 is divided by 480.
468
What is the remainder when 8444994 is divided by 1379?
1377
What is the remainder when 31925 is divided by 710?
685
What is the remainder when 905084 is divided by 307?
48
Calculate the remainder when 768044 is divided by 383884.
276
What is the remainder when 4524866 is divided by 451?
434
What is the remainder when 116012207 is divided by 24?
23
Calculate the remainder when 131038 is divided by 43420.
778
What is the remainder when 120231 is divided by 21?
6
Calculate the remainder when 14629016 is divided by 860528.
40
Calculate the remainder when 4194481 is divided by 1291.
22
Calculate the remainder when 46569490 is divided by 972.
970
Calculate the remainder when 190566 is divided by 1254.
1212
What is the remainder when 86774915 is divided by 1681?
14
What is the remainder when 91073 is divided by 580?
13
What is the remainder when 957342 is divided by 956321?
1021
Calculate the remainder when 683969 is divided by 4750.
4719
What is the remainder when 217779 is divided by 217206?
573
What is the remainder when 77879034 is 